{"id":40,"date":"2016-01-21T12:28:48","date_gmt":"2016-01-21T12:28:48","guid":{"rendered":"http:\/\/sge.org\/ibercarto\/?page_id=40"},"modified":"2020-11-03T14:45:58","modified_gmt":"2020-11-03T13:45:58","slug":"historia-de-ibercarto","status":"publish","type":"page","link":"https:\/\/old.sge.org\/ibercarto\/historia-de-ibercarto\/","title":{"rendered":"Historia de Ibercarto"},"content":{"rendered":"<div id='av_section_1'  class='avia-section av-av_section-d18d8c2c81d10022ebd21ffa95322c35 main_color avia-section-default avia-no-shadow  avia-builder-el-0  avia-builder-el-no-sibling  avia-bg-style-scroll container_wrap sidebar_right'  ><div class='container av-section-cont-open' ><main  role=\"main\" itemprop=\"mainContentOfPage\"  class='template-page content  av-content-small alpha units'><div class='post-entry post-entry-type-page post-entry-40'><div class='entry-content-wrapper clearfix'>\n\n<style type=\"text\/css\" data-created_by=\"avia_inline_auto\" id=\"style-css-av-av_one_third-9497bbf8bff73ea4c6992cc17fa9ec36\">\n.flex_column.av-av_one_third-9497bbf8bff73ea4c6992cc17fa9ec36{\n-webkit-border-radius:0px 0px 0px 0px;\n-moz-border-radius:0px 0px 0px 0px;\nborder-radius:0px 0px 0px 0px;\npadding:0px 0px 0px 0px;\n}\n<\/style>\n<div class='flex_column av-av_one_third-9497bbf8bff73ea4c6992cc17fa9ec36 av_one_third  avia-builder-el-1  el_before_av_two_third  avia-builder-el-first  first flex_column_div av-zero-column-padding '     ><style type=\"text\/css\" data-created_by=\"avia_inline_auto\" id=\"style-css-av-av_image-e7c16a80e6d007ca879e7571d603faea\">\n.avia-image-container.av-av_image-e7c16a80e6d007ca879e7571d603faea img.avia_image{\nbox-shadow:none;\n}\n.avia-image-container.av-av_image-e7c16a80e6d007ca879e7571d603faea .av-image-caption-overlay-center{\ncolor:#ffffff;\n}\n<\/style>\n<div  class='avia-image-container av-av_image-e7c16a80e6d007ca879e7571d603faea av-styling- avia-align-center  avia-builder-el-2  avia-builder-el-no-sibling '   itemprop=\"image\" itemscope=\"itemscope\" itemtype=\"https:\/\/schema.org\/ImageObject\" ><div class=\"avia-image-container-inner\"><div class=\"avia-image-overlay-wrap\"><img class='wp-image-667 avia-img-lazy-loading-not-667 avia_image ' src='https:\/\/old.sge.org\/ibercarto\/wp-content\/uploads\/sites\/4\/2016\/01\/32-D-47_01_f0570-300x217.jpg' alt='' title='32-D-47_01_f0570'  height=\"217\" width=\"300\"  itemprop=\"thumbnailUrl\"  \/><\/div><\/div><\/div><\/div>\n<style type=\"text\/css\" data-created_by=\"avia_inline_auto\" id=\"style-css-av-av_two_third-9c1d454dc06f7247226bc4e8f931daae\">\n.flex_column.av-av_two_third-9c1d454dc06f7247226bc4e8f931daae{\n-webkit-border-radius:0px 0px 0px 0px;\n-moz-border-radius:0px 0px 0px 0px;\nborder-radius:0px 0px 0px 0px;\npadding:0px 0px 0px 0px;\n}\n<\/style>\n<div class='flex_column av-av_two_third-9c1d454dc06f7247226bc4e8f931daae av_two_third  avia-builder-el-3  el_after_av_one_third  avia-builder-el-last  flex_column_div av-zero-column-padding '     ><section  class='av_textblock_section av-av_textblock-0366cc7376be6c9e82a3e9cc8987b64f'  itemscope=\"itemscope\" itemtype=\"https:\/\/schema.org\/CreativeWork\" ><div class='avia_textblock'  itemprop=\"text\" ><h3>ORIGEN Y FORMACI\u00d3N DE IBERCARTO<\/h3>\n<p style=\"text-align: justify\">Con este motivo decidimos convocar una reuni\u00f3n en la Biblioteca Nacional de Espa\u00f1a, el d\u00eda 27 de octubre del a\u00f1o 2003, invitando a los profesionales que trabajaban en la descripci\u00f3n y conservaci\u00f3n de los documentos cartogr\u00e1ficos en las instituciones p\u00fablicas espa\u00f1olas para organizar un foro abierto en el\u00a0\u00a0que se trataran temas que nos interesaran a todos y para hacer m\u00e1s fluidas las relaciones entre los colegas de nuestro \u00e1mbito profesional.<\/p>\n<p style=\"text-align: justify\">En esta primera reuni\u00f3n se acord\u00f3 la creaci\u00f3n de un Grupo de Trabajo, que se denomin\u00f3: Asociaci\u00f3n de Cartotecas P\u00fablicas Hispano-Lusas, que celebrar\u00eda reuniones peri\u00f3dicas\u00a0\u00a0en diversos lugares de la geograf\u00eda espa\u00f1ola y portuguesa y un Comit\u00e9 Organizador para poner en marcha dicha asociaci\u00f3n.<\/p>\n<p style=\"text-align: justify\">La primera Reuni\u00f3n Anual de la Asociaci\u00f3n de Cartotecas P\u00fablicas Hispano-Lusas se celebr\u00f3 en Sevilla los d\u00edas 7 y 8 de octubre de 2004.\u00a0\u00a0All\u00ed se aprobaron las siguientes temas:<\/p>\n<ul>\n<li><strong>Resumen de trabajos realizados en el a\u00f1o transcurrido<\/strong><\/li>\n<\/ul>\n<ul>\n<li><strong>Borrador de Estatutos de la Asociaci\u00f3n de Cartotecas P\u00fablicas Hispano-Lusas<\/strong><strong>\u00a0que\u00a0\u00a0pas\u00f3\u00a0\u00a0despu\u00e9s a denominarse: Grupo de Trabajo de Cartotecas P\u00fablicas Hispano \u2013lusas (Ibercarto)<\/strong><\/li>\n<\/ul>\n<ul>\n<li><strong>Logotipo de la Asociaci\u00f3n de Cartotecas P\u00fablicas Hispano-Lusas<\/strong><\/li>\n<\/ul>\n<ul>\n<li><strong>Convenio de colaboraci\u00f3n con la Sociedad Geogr\u00e1fica Espa\u00f1ola<\/strong><\/li>\n<\/ul>\n<p style=\"text-align: justify\">A partir de este primer encuentro\u00a0\u00a0se estableci\u00f3 el formato de los siguientes que ser\u00edan bianuales y constar\u00edan de una primera parte acad\u00e9mica, con un temario establecido y abierto a todos los profesionales, y una segunda parte en la que se celebrar\u00eda la Asamblea general del Grupo Ibercarto, reservada \u00fanicamente a los miembros de la asociaci\u00f3n.<\/p>\n<p>Despu\u00e9s de Sevilla los siguientes Encuentros han tenido lugar en:<\/p>\n<ul>\n<li><strong>Lisboa, 23 y 24 de noviembre de 2006<\/strong><\/li>\n<li><strong>A Coru\u00f1a, 2 y 3 de octubre de 2008<\/strong><\/li>\n<li><strong>Valencia, 28 y 29 de octubre de 2010<\/strong><\/li>\n<li><strong>Santander, 4 y 5 de octubre 2012<\/strong><\/li>\n<li><strong>Madrid, 23 y 24 de octubre 2014<\/strong><\/li>\n<li><strong>Barcelona, 29 y 30 de septiembre de 2016<\/strong><\/li>\n<li><strong>Oporto, 15 al 17 de noviembre de 2018<\/strong><\/li>\n<\/ul>\n<p style=\"text-align: justify\">Estos Encuentros han ido conformando y consolidando el grupo y nos han permitido dar a conocer nuestro trabajo a la comunidad cient\u00edfica y a los profesionales interesados en la conservaci\u00f3n y descripci\u00f3n de los materiales cartogr\u00e1ficos y, adem\u00e1s, han sido un buen lugar para conocernos, intercambiar opiniones y buscar soluciones enriquecedoras a los problemas de la conservaci\u00f3n, descripci\u00f3n y difusi\u00f3n de los materiales cartogr\u00e1ficos.<\/p>\n<\/div><\/section><\/div><\/div><\/div><\/main><!-- close content main element --><\/div><\/div><div id='after_section_1'  class='main_color av_default_container_wrap container_wrap sidebar_right'  ><div class='container av-section-cont-open' ><div class='template-page content  av-content-small alpha units'><div class='post-entry post-entry-type-page post-entry-40'><div class='entry-content-wrapper clearfix'>\n","protected":false},"excerpt":{"rendered":"","protected":false},"author":1,"featured_media":0,"parent":0,"menu_order":2,"comment_status":"closed","ping_status":"closed","template":"","meta":{"footnotes":""},"class_list":["post-40","page","type-page","status-publish","hentry"],"_links":{"self":[{"href":"https:\/\/old.sge.org\/ibercarto\/wp-json\/wp\/v2\/pages\/40","targetHints":{"allow":["GET"]}}],"collection":[{"href":"https:\/\/old.sge.org\/ibercarto\/wp-json\/wp\/v2\/pages"}],"about":[{"href":"https:\/\/old.sge.org\/ibercarto\/wp-json\/wp\/v2\/types\/page"}],"author":[{"embeddable":true,"href":"https:\/\/old.sge.org\/ibercarto\/wp-json\/wp\/v2\/users\/1"}],"replies":[{"embeddable":true,"href":"https:\/\/old.sge.org\/ibercarto\/wp-json\/wp\/v2\/comments?post=40"}],"version-history":[{"count":8,"href":"https:\/\/old.sge.org\/ibercarto\/wp-json\/wp\/v2\/pages\/40\/revisions"}],"predecessor-version":[{"id":993,"href":"https:\/\/old.sge.org\/ibercarto\/wp-json\/wp\/v2\/pages\/40\/revisions\/993"}],"wp:attachment":[{"href":"https:\/\/old.sge.org\/ibercarto\/wp-json\/wp\/v2\/media?parent=40"}],"curies":[{"name":"wp","href":"https:\/\/api.w.org\/{rel}","templated":true}]}}