{"id":194,"date":"2016-01-28T18:50:54","date_gmt":"2016-01-28T17:50:54","guid":{"rendered":"http:\/\/sge.org\/ibercarto\/?page_id=194"},"modified":"2016-01-28T18:50:54","modified_gmt":"2016-01-28T17:50:54","slug":"real-biblioteca-madrid","status":"publish","type":"page","link":"https:\/\/old.sge.org\/ibercarto\/cartotecas-digitales\/real-biblioteca-madrid\/","title":{"rendered":"Real Biblioteca (Madrid)"},"content":{"rendered":"\n<style type=\"text\/css\" data-created_by=\"avia_inline_auto\" id=\"style-css-av-av_image-5531d56ddf6a25b89739004b0572bc31\">\n.avia-image-container.av-av_image-5531d56ddf6a25b89739004b0572bc31 img.avia_image{\nbox-shadow:none;\n}\n.avia-image-container.av-av_image-5531d56ddf6a25b89739004b0572bc31 .av-image-caption-overlay-center{\ncolor:#ffffff;\n}\n<\/style>\n<div  class='avia-image-container av-av_image-5531d56ddf6a25b89739004b0572bc31 av-styling- avia-align-center  avia-builder-el-0  el_before_av_hr  avia-builder-el-first '   itemprop=\"image\" itemscope=\"itemscope\" itemtype=\"https:\/\/schema.org\/ImageObject\" ><div class=\"avia-image-container-inner\"><div class=\"avia-image-overlay-wrap\"><img class='wp-image-132 avia-img-lazy-loading-not-132 avia_image ' src='https:\/\/old.sge.org\/ibercarto\/wp-content\/uploads\/sites\/4\/2016\/01\/imagen.png' alt='' title='imagen'  height=\"600\" width=\"800\"  itemprop=\"thumbnailUrl\"  \/><\/div><\/div><\/div>\n\n<style type=\"text\/css\" data-created_by=\"avia_inline_auto\" id=\"style-css-av-av_hr-5ea7596238ed9f191e6b5e662093052f\">\n#top .hr.hr-invisible.av-av_hr-5ea7596238ed9f191e6b5e662093052f{\nheight:30px;\n}\n<\/style>\n<div  class='hr av-av_hr-5ea7596238ed9f191e6b5e662093052f hr-invisible  avia-builder-el-1  el_after_av_image  el_before_av_textblock '><span class='hr-inner '><span class=\"hr-inner-style\"><\/span><\/span><\/div>\n<section  class='av_textblock_section av-av_textblock-0366cc7376be6c9e82a3e9cc8987b64f'  itemscope=\"itemscope\" itemtype=\"https:\/\/schema.org\/CreativeWork\" ><div class='avia_textblock'  itemprop=\"text\" ><p>La Colecci\u00f3n de Cartograf\u00eda de la Real Biblioteca comprende unas siete mil descripciones; de ellas, mil seiscientas corresponden a cartograf\u00eda manuscrita. El proyecto de catalogaci\u00f3n, ya concluido, se desarroll\u00f3 en formato MARC21 (http:\/\/www.loc.gov\/marc), que incluye campos espec\u00edficos para la descripci\u00f3n cartogr\u00e1fica. En una una nota local se ha recogido informaci\u00f3n sobre la ilustraci\u00f3n \u2013\u00abde barcos\u00bb, \u00abTipos naturales\u00bb, etc.\u2013, elementos de inter\u00e9s para los historiadores de la n\u00e1utica o para antrop\u00f3logos y etn\u00f3logos. Tambi\u00e9n se ha normalizado en el campo correspondiente el nombre de los grabadores, dibujantes o ilustradores. El cat\u00e1logo est\u00e1 en l\u00ednea, integrado en IBIS (Base de datos bibliogr\u00e1fica de Patrimonio Nacional), y puede consultarse en esta direcci\u00f3n:<\/p>\n<p>El fondo cartogr\u00e1fico comprende una amplia variedad de tipolog\u00eda en sus piezas, con los grandes atlas de los siglos xvi y xvii \u2013Mercator, Ortelius, Blaeu\u2013, cartas na\u00faticas de los siglos xvi y xvii \u2013Riczo Oliva y otras cartas, holandesas, del Seiscientos, por ejemplo\u2013, mapas impresos y manuscritos presentes en los ricos fondos americanistas, gran n\u00famero de mapas franceses del xviii, plegados y en rollos, mapas y planos de las campa\u00f1as africanistas de Espa\u00f1a del siglo xix y principios del xx que los militares hac\u00edan llegar a Alfonso XIII, numerosas vistas de ciudades que van desde las cl\u00e1sicas del xvi de Braun y Hogenberg a vistas grabadas o pintadas en el xix, o la amplia colecci\u00f3n dieciochesca de mapas y planos de Tom\u00e1s L\u00f3pez, cuya colecci\u00f3n palatina \u2013agrupada en parte en map\/391-392\u2013 es la m\u00e1s numerosa en Espa\u00f1a junto con la de la Real Academia de la Historia y la Biblioteca Nacional. Asimismo, se ha considerado pertinente la catalogaci\u00f3n de representaciones cartogr\u00e1ficas presentes en vol\u00famenes de libros de viajes, que adem\u00e1s suelen contener descripciones geogr\u00e1ficas, y las de impresos de historia militar que cuentan con mapas y planos de batallas o sitios de ciudades. Por lo general, dichas representaciones no son meras ilustraciones sino que tienen entidad cartogr\u00e1fica, siendo verdaderos atlas aunque no apelen a ese t\u00e9rmino en su t\u00edtulo. Tambi\u00e9n se han descrito los libros de cosmograf\u00eda con representaciones celestes o terr\u00e1queas. Se han obviado, en cambio, mapas presentes en libros generales de historia.\u00a0\u00a0El nuevo cat\u00e1logo del fondo cartogr\u00e1fico de la Real Biblioteca supera, pues, en intenci\u00f3n y en n\u00famero de piezas descritas a la publicaci\u00f3n que hasta ahora hab\u00eda servido de gu\u00eda al investigador: la Noticia breve de las cartas y planos existentes en la Biblioteca Particular de S. M. el Rey (Madrid, 1889), de Ces\u00e1reo Fern\u00e1ndez Duro, sin duda una referencia bibliogr\u00e1fica imprescindible pero necesitada de actualizaci\u00f3n y exhaustividad.<\/p>\n<p>Dentro del proyecto de biblioteca digital puesto en marcha para facilitar tanto la conservaci\u00f3n de los originales como la consulta y el servicio de reprograf\u00eda de los fondos de la Real Biblioteca, se ha dado prioridad a la digitalizaci\u00f3n de la cartograf\u00eda manuscrita, y especialmente a aquellas piezas que carec\u00edan de reproducci\u00f3n previa.Los fondos microfilmados en su d\u00eda tambi\u00e9n han sidodigitalizados y est\u00e1n a disposici\u00f3n del investigador que precise tanto su consulta como su reproducci\u00f3n.<\/p>\n<p>Adem\u00e1s del acceso a las descripciones a trav\u00e9s del cat\u00e1logo en red de la Biblioteca, Patriomonio Nacional ha editado en papel el cat\u00e1logo correspondiente a los fondos de cartograf\u00eda manuscrita. Los dos formatos facilitar\u00e1n la difusi\u00f3n de la colecci\u00f3n cartogr\u00e1fica real, que alberga no pocas piezas de primera magnitud desconocidas de los estudiosos.<\/p>\n<p>Particular cuidado se ha puesto en la identificaci\u00f3n de las procedencias de este fondo. Aun siendo muy diversas, es posible asociar algunas con el ingreso de amplias colecciones. Es el caso de varios atlas de Mercator y Ortelius, o el de los Blaeu, procedentes de Gregorio Mayans y Siscar (1699-1781) seg\u00fan delata su sello. Sus libros debieron de entrar hacia la \u00faltima d\u00e9cada del siglo xviii. Tambi\u00e9n otras piezas singulares proceden de la colecci\u00f3n de don Diego Sarmiento de Acu\u00f1a, I Conde de Gondomar (1567-1626), adquirida por Carlos IV y pagada por Fernando VII de su bolsillo real. Con este ingreso se incorporaron otros ejemplares de los magn\u00edficos atlas mencionados, pero asimismo piezas tan sobresalientes como el portulano de 1580, de mano de Joan Riczo Oliva. Con la colecci\u00f3n gondomariense entr\u00f3 en la Real Biblioteca un fondo asimismo relevante, el del cardenal Granvela (1517-1586), constituido principalmente por un rico acervo epistolar \u2013en el que se localizan algunas cartas aut\u00f3grafas de Gerard Mercator, conocidas desde hace d\u00e9cadas\u2013, pero en el que tambi\u00e9n hay cartograf\u00eda manuscrita de gran inter\u00e9s, como el map\/416. Muy probablemente, los mapas de Giovanni Francesco Camocio y los llamados Atlas Lafreri existentes en el dep\u00f3sito palatino \u2013map\/454-455, map\/438, map\/612-613\u2013 tengan a su vez esta procedencia y no sean piezas originalmente reunidas por Gondomar. Estas representaciones preceden al auge de la cartograf\u00eda de los Pa\u00edses Bajos, al igual que los atlas tolomeos, de los que hay digna muestra en la Real Biblioteca, con algunas piezas incunables incluso (i\/8,i\/12) que sirvieron de formaci\u00f3n a Mercator antes de sus innovaciones. Otras procedencias dignas de resaltarse son las de las representaciones manuscritas que fueron de Manuel Jos\u00e9 de Ayala, archivero del Consejo de Indias y graf\u00f3mano impenitente. Son mapas de car\u00e1cter casi exclusivamente americano que se hallan en la colecci\u00f3n Ayala, muy numerosa en vol\u00famenes manuscritos, los cuales se organizan en subcolecciones. Cabe mencionar, por \u00faltimo, que, el raro juego en espa\u00f1ol del Atlas Maior, completo, pues se tiraron nueve vol\u00famenes de los once previstos, proviene del I marqu\u00e9s de la Regal\u00eda, Antonio Jos\u00e9 \u00c1lvarez de Abreu, consejero de Indias.<\/p>\n<p>La cartograf\u00eda dieciochesca es de particular relevancia en este fondo, una consecuencia l\u00f3gica dado que hablamos de la antigua Librer\u00eda de C\u00e1mara de los Borbones. Los cart\u00f3grafos m\u00e1s reputados del periodo, como los Sanson, los Fer, los Jaillot, los Nolin, los Delisle, Cassini, Chatelein, Du Halde, Bourguignon d\u2019Anville, Buache, los Vaugondy, Buy de Mornas, Bellin, Mentelle, Delamarche y otros menos c\u00e9lebres, han dejado aqu\u00ed prueba de su oficio.<\/p>\n<p>El siglo xix tambi\u00e9n est\u00e1 generosamente representado en la cartograf\u00eda de la colecci\u00f3n real, si bien se aprecia un mayor protagonismo nacional gracias a los mapas de Francisco Coello y a la producci\u00f3n en general del Dep\u00f3sito de la Guerra, con series topogr\u00e1ficas. Las Guerras de \u00c1frica de las \u00faltimas d\u00e9cadas del xix permiten la existencia en la Real Biblioteca de representaciones cartogr\u00e1ficas relativas a ellas desde entonces y durante las primeras d\u00e9cadas del xx.\u00a0\u00a0Como no pod\u00eda ser de otro modo, hay una parte del fondo dedicado a los Reales Sitios, con planos de palacios y jardines en San Ildefonso o Aranjuez, adem\u00e1s de las tan conocidas trazas originales de Juan de Herrera para el Monasterio de San Lorenzo El Real, cuya catalogaci\u00f3n fue en su d\u00eda objeto de un proyecto espec\u00edfico.<\/p>\n<p>Por lo que respecta a la colecci\u00f3n de planos, en escala inferior a 1:20.000 hay piezas dignas de mencionarse como el ii\/1606bis, Plantas orijinales que se an ejecutado en esta corte en pro\u00e7essiones del Corpus. Contiene un conjunto de planos del Real Alc\u00e1zar y de arquitecturas ef\u00edmeras montadas para autos de fe o festejos diversos durante el siglo xvii madrile\u00f1o, y procede del marqu\u00e9s de Heliche. Igualmente destacables son los planos de fortificaciones de la \u00e9poca de los Austrias y primeras d\u00e9cadas del xviii. Manuscritos, ejecutados con una belleza que incrementa su inter\u00e9s ya elevado como testimonio hist\u00f3rico, son dignos de menci\u00f3n los debidos a Pierre Poivre para los Pa\u00edses Bajos (map\/416) y los agrupados en el ii\/523, de hacia 1600. De inicios del xviii son los relativos a ciudades italianas (ii\/2668), de Giovanni Battista Sesti. Y no podemos concluir este breve repaso a los fondos cartogr\u00e1ficos de la Real Biblioteca sin se\u00f1alar que la misma posee uno de los pocos ejemplares del plano topogr\u00e1fico de Pedro de Texeira de 1656, el roll\/109.<\/p>\n<\/div><\/section>\n","protected":false},"excerpt":{"rendered":"","protected":false},"author":1,"featured_media":0,"parent":101,"menu_order":8,"comment_status":"closed","ping_status":"closed","template":"","meta":{"footnotes":""},"class_list":["post-194","page","type-page","status-publish","hentry"],"_links":{"self":[{"href":"https:\/\/old.sge.org\/ibercarto\/wp-json\/wp\/v2\/pages\/194","targetHints":{"allow":["GET"]}}],"collection":[{"href":"https:\/\/old.sge.org\/ibercarto\/wp-json\/wp\/v2\/pages"}],"about":[{"href":"https:\/\/old.sge.org\/ibercarto\/wp-json\/wp\/v2\/types\/page"}],"author":[{"embeddable":true,"href":"https:\/\/old.sge.org\/ibercarto\/wp-json\/wp\/v2\/users\/1"}],"replies":[{"embeddable":true,"href":"https:\/\/old.sge.org\/ibercarto\/wp-json\/wp\/v2\/comments?post=194"}],"version-history":[{"count":1,"href":"https:\/\/old.sge.org\/ibercarto\/wp-json\/wp\/v2\/pages\/194\/revisions"}],"predecessor-version":[{"id":195,"href":"https:\/\/old.sge.org\/ibercarto\/wp-json\/wp\/v2\/pages\/194\/revisions\/195"}],"up":[{"embeddable":true,"href":"https:\/\/old.sge.org\/ibercarto\/wp-json\/wp\/v2\/pages\/101"}],"wp:attachment":[{"href":"https:\/\/old.sge.org\/ibercarto\/wp-json\/wp\/v2\/media?parent=194"}],"curies":[{"name":"wp","href":"https:\/\/api.w.org\/{rel}","templated":true}]}}