{"id":1035,"date":"2020-12-15T12:42:37","date_gmt":"2020-12-15T11:42:37","guid":{"rendered":"https:\/\/sge.org\/ibercarto\/?page_id=1035"},"modified":"2020-12-15T12:49:16","modified_gmt":"2020-12-15T11:49:16","slug":"espana-bibliografia-cartografica-de-autores-espanoles-ano-2017","status":"publish","type":"page","link":"https:\/\/old.sge.org\/ibercarto\/bibliografia-cartografica\/espana-bibliografia-cartografica-de-autores-espanoles-ano-2017\/","title":{"rendered":"ESPA\u00d1A.- Bibliograf\u00eda cartogr\u00e1fica de autores espa\u00f1oles a\u00f1o 2017"},"content":{"rendered":"<section  class='av_textblock_section av-av_textblock-0366cc7376be6c9e82a3e9cc8987b64f'  itemscope=\"itemscope\" itemtype=\"https:\/\/schema.org\/CreativeWork\" ><div class='avia_textblock'  itemprop=\"text\" ><h3><strong>MONOGRAF\u00cdAS<\/strong><\/h3>\n<p><strong>AA.VV.<\/strong> Los Levantamientos Topogr\u00e1fico-Parcelarios de la Junta General de Estad\u00edstica en el municipio de Almer\u00eda (1867-1868) [Uplift Topografico-parcelarios of the Board General statistics in the municipality of Almeria (1867-1868]. Madrid: I.G.N., 2017.<\/p>\n<p><strong>AHIJADO, Manuel: <\/strong>Curiosidades cartogr\u00e1ficas: persuasi\u00f3n, continuidad y cambio [Cartographical curiosities: persuasi\u00f3n, continuity and change]. [Madrid]: CLA, D.L. 2017; La Fortuna, Legan\u00e9s: Solana e hijos.<\/p>\n<p><strong>CARTOGRAF\u00cdAS de lo desconocido. Mapas en la Biblioteca Nacional de Espa\u00f1a. <\/strong>[Cartographies of the unknown. Maps at the National Library of Spain]. [Biblioteca Nacional de Espa\u00f1a, Madrid, 3 de noviembre de 2017-28 de enero de 2018]. S\u00e1enz-L\u00f3pez P\u00e9rez, Sandra y Pimentel, Juan comisarios autores. [Madrid]: Biblioteca Nacional de Espa\u00f1a, 2017.<\/p>\n<p><strong>D\u00cdEZ GONZ\u00c1LEZ, Norberto: <\/strong>Fray Juan de Garrovillas: la aventura de los franciscanos en oriente [Fray Juan de Garrovillas: the adventure of the Franciscans in the East]. Madrid: Beturia 2017<\/p>\n<p><strong>GRAU, Ram\u00f3n; MONTANER, Carme: <\/strong>Mapes i control del territori a Barcelona. Vuit estudis [Maps and control of the territory: eight studies].Barcelona: Institut Cartografic i Geol\u00f2gic de Catalunya, 2017. 9788498509380<\/p>\n<p><strong>LLOPIS, Amando: <\/strong>Cartograf\u00eda hist\u00f3rica de la ciudad de Valencia (1608-1944) [Historical cartography of Valencia (1608-1944)]. [Valencia]: Editorial Universitat Polit\u00e8cnica de Val\u00e8ncia, 2016. 9788490484869<\/p>\n<p><strong>MART\u00cdNEZ DE PIS\u00d3N, Eduardo<\/strong>: La monta\u00f1a y el arte [The mountain and the art]. Madrid: F\u00f3rcola, 2017<\/p>\n<p><strong>S\u00c1NCHEZ LAMPREAVE, Ricardo:<\/strong> Eduardo Torroja: propuestas para la Bah\u00eda de C\u00e1diz, 1927-1928 [Eduardo Torroja: proposals for the Bay of Cadiz, 1927-1928], [comisariado, edici\u00f3n y textos, Ricardo S\u00e1nchez Lampreave]. [C\u00e1diz] Arquitectos de C\u00e1diz, Colegio Oficial 2017<\/p>\n<h3><strong>ARTICULOS DE REVISTAS<\/strong><\/h3>\n<p><strong>ALVARGONZ\u00c1LEZ RODR\u00cdGUEZ, Ram\u00f3n M\u00aa <\/strong>(2017). La cartograf\u00eda n\u00e1utica de Asturias del ingeniero de Marina Miguel de la Puente (1785-1788) [Nautical charting of Asturias from the Marine engineer Miguel de la Puente (1785-1788)]. En: Er\u00eda: Revista cuatrimestral de geograf\u00eda, A\u00f1o 2016, N\u00famero 99-100. Pag 353-366. <a href=\"https:\/\/dialnet.unirioja.es\/ejemplar\/444918\">https:\/\/dialnet.unirioja.es\/ejemplar\/444918<\/a><\/p>\n<p>BACHILLER, \u00c1lvaro (2017). Servicios Web de mapas antiguos [Antique Maps Web services]. JIDEE 2017. Enlace web: <a href=\"http:\/\/www.dgterritorio.pt\/jiide2017\/pdfs\/JIIDE2017_Servicios_Web_mapas_antiguos_Alvaro_Bachiller.pdf\">http:\/\/www.dgterritorio.pt\/jiide2017\/pdfs\/JIIDE2017_Servicios_Web_mapas_antiguos_Alvaro_Bachiller.pdf<\/a><\/p>\n<p><strong>BA\u00d1OS OLIVER, Rosario; MOLINA GAIT\u00c1N, Juan Carlos; BESTU\u00c9 CARDIEL, Isabel <\/strong>(2016). Las posadas y ventas en los caminos de Granada a Levante en la cartograf\u00eda del XIX. Herramientas para su inventario [Inns and guesthouses on the roads from Granada to Levante in the Cartography of the 19th Century. Tools for its inventory]. En: Revista electr\u00f3nica de Patrimonio Hist\u00f3rico: e-rph n\u00ba 19, diciembre 2016, pp. 123-151. ISSN 1988-7213.<\/p>\n<p><a href=\"http:\/\/revistaseug.ugr.es\/index.php\/erph\/article\/viewFile\/5502\/5173\">http:\/\/revistaseug.ugr.es\/index.php\/erph\/article\/viewFile\/5502\/5173<\/a><\/p>\n<p><strong>BENITO FRAILE, Luis Miguel <\/strong>(2017). Esteban G\u00f3mez, Piloto de la Casa de Contrataci\u00f3n de las Indias Trabajo de fin de Grado [Esteban G\u00f3mez, Pilot of the La Casa de Contrataci\u00f3n de las Indias]. <a href=\"https:\/\/dialnet.unirioja.es\/servlet\/revista?codigo=12493\">Revista de estudios colombinos<\/a>, ISSN 1699-3926, <a href=\"https:\/\/dialnet.unirioja.es\/ejemplar\/465729\">N\u00ba. 13, 2017<\/a>, p\u00e1gs. 69-86. <a href=\"https:\/\/uvadoc.uva.es\/bitstream\/10324\/22597\/1\/TFG_F_2017_8.pdf\">https:\/\/uvadoc.uva.es\/bitstream\/10324\/22597\/1\/TFG_F_2017_8.pdf<\/a><\/p>\n<p><strong>CAMARERO BULL\u00d3N, Concepci\u00f3n ; URTEAGA, Luis <\/strong>(2017). Planos para un proyecto ilustrado: La cartograf\u00eda del Real Sitio de San Fernando de la Junta General de Estad\u00edstica (1864-1867) [Plans for a Enlightenment project: The Junta General de estadistica\u2019s\u00a0 cartography of the Real Sitio de San Fernando (1864-1867)]. En: El dominio de la realidad y la crisis del discurso: El nacimiento de la conciencia europea \/ coord. por Concepci\u00f3n Camarero Bull\u00f3n, Juan Carlos G\u00f3mez Alonso , 2017, ISBN 9788416335268, p\u00e1gs. 13-64<\/p>\n<p><strong>CAPEL, Horacio<\/strong> (2017). Nuevas aportaciones a la historia de la cartograf\u00eda de Barcelona [New contributions to the history of cartography of Barcelona]. En: Biblio3W. Revista Bibliogr\u00e1fica de Geograf\u00eda y Ciencias Sociales. [En l\u00ednea]. Barcelona: Universidad de Barcelona, 25 de marzo de 2017, vol. XXII, n\u00ba 1.194. [ISSN 1138-9796].&#8221; <a href=\"http:\/\/www.ub.edu\/geocrit\/b3w-1194.pdf\"><strong>http:\/\/www.ub.edu\/geocrit\/b3w-1194.pdf<\/strong><\/a><\/p>\n<p><strong>COMPANY I MATEO, Rafael <\/strong>(2017). Singularitats col\u00b7lectives i cartografiaels mapes que volen identificar-nos [Collective singularities and cartographical maps that wants to identify us]. En: Localizaci\u00f3n: La nova articulaci\u00f3 catalana-valenciana-balear \/ coord. por Jordi Manent Tom\u00e0s, 2017, ISBN 978-84-697-3396-7, p\u00e1gs. 203-215 <strong>\u00a0\u00a0\u00a0\u00a0\u00a0\u00a0\u00a0\u00a0\u00a0\u00a0\u00a0 <\/strong><\/p>\n<p><strong>CRESPO SANZ, Antonio <\/strong>(2017). Aventuras y desventuras de la expedici\u00f3n que midi\u00f3 un arco de meridiano en el ecuador (1735-1744) [Adventures and misfortunes of the expedition who messured the meridian arch in the Equator (1735-1744)]. En: Mapping : revista de cartograf\u00eda, sistemas de informaci\u00f3n geogr\u00e1fica y teledetecci\u00f3n Vol 26, n. 181. Enero-Febrero 2017. Issn: 1131-9100<\/p>\n<p><strong>ECHARRI IRIBARREN, V\u00edctor <\/strong>(2017). El proyecto de Jorge Pr\u00f3spero Verboom para las fortificaciones de Fuenterrab\u00eda en 1725 [Jorge Pr\u00f3spero Verboom&#8217;s design for the Fuenterrabia fortifications in 1725]. En: TIEMPOS MODERNOS 34 (2017\/1). ISSN: 1699-7778. http:\/\/tiemposmodernos.org\/tm3\/index.php\/tm\/article\/view\/1673\/694<\/p>\n<p><strong>ESCOLANO-RODR\u00cdGUEZ, E., ALONSO-LIFANTE, M. P., MOLERO, F. J. and \u00a0RANDAZZO, D.<\/strong> (2017). \u201cAdvocating for a change of approach in the development of metadata standards: historical celestial cartography as a specialization example\u201d. En \u00a0<em>it<\/em>,\u00a0vol. 8, n. 3, pp. 39-57.\u00a0Available at:\u00a0<a href=\"http:\/\/dx.doi.org\/10.4403\/jlis.it-12398\">http:\/\/dx.doi.org\/10.4403\/jlis.it-12398<\/a><\/p>\n<p><strong>FLORES CH\u00c1VEZ, Jaime; AZ\u00d3CAR AVENDA\u00d1O, Alonso <\/strong>(2017). Mapas para el Estado. La representaci\u00f3n de la Araucan\u00eda: 1836 -1916 [Maps for the State. Representation of the Araucan\u00eda: 1836 -1916]. En: Scripta Nova. Revista Electr\u00f3nica de Geograf\u00eda y Ciencias Sociales. Vol 21 (2017). ISSN Electr\u00f3nico: 1138-9788. <a href=\"http:\/\/revistes.ub.edu\/index.php\/ScriptaNova\/article\/view\/18344\/20889\">http:\/\/revistes.ub.edu\/index.php\/ScriptaNova\/article\/view\/18344\/20889<\/a><\/p>\n<p><strong>G\u00c1MEZ G\u00d3MEZ, Sonia <\/strong>(2013). Las Islas Chafarinas a trav\u00e9s de la cartograf\u00eda. Del siglo XVI a la ocupaci\u00f3n [the Chafarinas islands in the cartography : from the 16<sup>th<\/sup> century to the occupation]. En: Aldaba: revista del Centro Asociado a la UNED de Melilla, ISSN 0213-7925, N\u00ba. 37, 2013 . p\u00e1gs. 157-190 (Ejemplar dedicado a: Chafarinas: El ayer y el presente de unas islas olvidadas (I) \/ coord. por Antonio Bravo Nieto, Juan Antonio Bellver Garrido, Sonia G\u00e1mez G\u00f3mez). <a href=\"https:\/\/dialnet.unirioja.es\/buscar\/documentos?querysDismax.DOCUMENTAL_TODO=ISLAS+CHAFARINAS+A+TRAV\u00c9S+DE+LA+CARTOGRAF\u00cdA\">https:\/\/dialnet.unirioja.es\/buscar\/documentos?querysDismax.DOCUMENTAL_TODO=ISLAS+CHAFARINAS+A+TRAV%C3%89S+DE+LA+CARTOGRAF%C3%8DA<\/a><\/p>\n<p><strong>GARC\u00cdA CALATAYUD, M\u00aa CARMEN <\/strong>(2017). \u201cImperios de papel. El poder de los atlas\u201d. [Paper empires: the power of the atlas]. En Revista Mapping, vol. 26, n\u00ba 182, marzo-abril 2017. Disponible en <a href=\"http:\/\/www.mappinginteractivo.es\/images\/revistas\/REVISTA%20MAPPING%20182\/REVISTA%20MAPPING%20182.html\">http:\/\/www.mappinginteractivo.es\/images\/revistas\/REVISTA%20MAPPING%20182\/REVISTA%20MAPPING%20182.html<\/a><\/p>\n<p><strong>GARC\u00cdA PEREDA, Ignacio. <\/strong>Creando el bosque matem\u00e1tico en la d\u00e9cada de 1860: Barros G\u00f3mes en la Mata Nacional da Machada (Barreiro, Portugal) : testigos cartogr\u00e1ficos [ Making the mathematics forest in the 1860 decade: Barros G\u00f3mes in the Mata Nacional de Machada (Barreiro, Portugal): cartographic testimonies]. En: Estudos da Paisagem (vol.2), Publisher: IHC, Editors: Pedro Fidalgo, pp.217-240<\/p>\n<p><strong>GARC\u00cdA ROJAS, Irma Beatriz <\/strong>(2017). Senderos de la marginalia e iconograf\u00eda cartogr\u00e1fica, (Nueva Espa\u00f1a siglos XVI-XVIII) [Marginalia trils and cartographic iconography, New Spain 16th 18th Centuries]. En: Biblio3W REVISTA BIBLIOGR\u00c1FICA DE GEOGRAF\u00cdA Y CIENCIAS SOCIALES Universidad de Barcelona. ISSN: 1138-9796. Dep\u00f3sito Legal: B. 21.742-98 Vol. XXII, n\u00fam. 1.192. 5 de febrero de 2017. <a href=\"http:\/\/www.ub.edu\/geocrit\/b3w-1192.pdf\">http:\/\/www.ub.edu\/geocrit\/b3w-1192.pdf<\/a><\/p>\n<p><strong>HIDALGO GARC\u00cdA, David; GARC\u00cdA DOM\u00c9NECH, Sergio<\/strong> (2017). La representaci\u00f3n gr\u00e1fica urbana en los manuscritos de Leonardo da Vinci [Urban graphic representation in Leonardo da Vinci\u2019s manuscripts]. En: En: EGA. Revista de expresi\u00f3n gr\u00e1fica arquitect\u00f3nica. Vol. 22, N\u00fam. 29 (2017). Pags. 128-135. <a href=\"https:\/\/ojs.upv.es\/index.php\/EGA\/article\/view\/7345\/7446\">https:\/\/ojs.upv.es\/index.php\/EGA\/article\/view\/7345\/7446<\/a><\/p>\n<p><strong>KONYUSHIKHINA, Nadezda <\/strong>(2017). Los cuestionarios para las Relaciones topogr\u00e1ficas de Felipe II y las Relaciones geogr\u00e1ficas de Indias de los a\u00f1os 1570 [The questionnaires for the Topographical Relations of Felipe II and the Geographical Relations of Indias in the 1570\u2019s years]. En: CT Catastro 2017 N. 89. ISSN: 1138-3488. <a href=\"http:\/\/www.catastro.minhap.gob.es\/documentos\/publicaciones\/ct\/ct89\/Catastro_89_accesible.pdf\">http:\/\/www.catastro.minhap.gob.es\/documentos\/publicaciones\/ct\/ct89\/Catastro_89_accesible.pdf<\/a><\/p>\n<p><strong>L\u00d3PEZ, Mariel Alejandra; MANCINI, Clara Elisa; MARCOS, Mar\u00eda Susana <\/strong> (2017). Mapas jesu\u00edticos e imaginarios geogr\u00e1ficos. El territorio de la Quebrada de Humahuaca y su frontera con el Chaco (siglos XVI-XVIII) [Jesuit maps and geographical imaginary. The territory of the Quebrad de Humahuaca and its border with the Chaco (16th-18th centuries)]. En: Arte, individuo y sociedad. ISSN: 1131-5598. Ediciones Complutense. Vol 29, 1n. 2 (2017). <a href=\"https:\/\/revistas.ucm.es\/index.php\/ARIS\/article\/view\/52535\">https:\/\/revistas.ucm.es\/index.php\/ARIS\/article\/view\/52535<\/a><\/p>\n<p><strong>LUENGO GUTI\u00c9RREZ, Pedro <\/strong>(2016). Manuel de Agote. Di\u00e1logo cultural y cartograf\u00eda en China a finales del siglo XVIII [Manuel de Agote, culture dialogue and cartography in China at the end of the 18th Century]. En: Itsas memoria: revista de estudios mar\u00edtimos del Pa\u00eds Vasco, ISSN 1136-4963, N\u00ba. 8, 2016, p\u00e1gs. 759-770. http:\/\/untzimuseoa.eus\/images\/itsas_memoria_08\/31_im8_pedroluengo.pdf<\/p>\n<p><strong>MAGALLANES, Luis; URTEAGA, Luis <\/strong>(2017). Los planos urbanos del Cuerpo de Estado Mayor del Ej\u00e9rcito, 1865-1900 [The town maps of the Spanish General Staff, 1865-1900]. En: Scripta Nova: Revista electr\u00f3nica de Geograf\u00eda y Ciencias Sociales. Universitat de Barcelona. Vol. 21. N\u00aa 564 (2017). ISSN en l\u00ednea: 1138-9788. <a href=\"http:\/\/revistes.ub.edu\/index.php\/ScriptaNova\/article\/view\/18949\">http:\/\/revistes.ub.edu\/index.php\/ScriptaNova\/article\/view\/18949<\/a><\/p>\n<p><strong>MANSO PORTO, CARMEN <\/strong>(2017). \u201cRevisi\u00f3n del mapa moderno de Espa\u00f1a en la geograf\u00eda de Ptolomeo: a prop\u00f3sito de una falsificaci\u00f3n[Review on the modern map of Spain in the geography of Ptolemy: apropos of a fake]. En Revista de Estudios Colombinos, n\u00ba. 13, junio de 2017, p\u00e1gs. 51-60.<\/p>\n<p><strong>MARCO MOLINA, Juan Antonio; GIM\u00c9NEZ FONT, Pablo; GARC\u00cdA MAS<\/strong> (2017). Infraestructuras defensivas y portuaria en torno a la nueva poblaci\u00f3n de Torrevieja (1803). Cartograf\u00eda hist\u00f3rica [Defensive and port infrastructure around the town of Torrevieja (1803); ancient cartography]. En: Echarri Iribarren, V\u00edctor (Ed.). Defensive Architecture of the Mediterranean. XV to XVIII Centuries: Vol. V: Proceedings of the International Conference on Modern Age Fortifications of the Mediterranean Coast, FORTMED 2017. Alacant: Publicacions Universitat d\u2019Alacant, 2017. ISBN 978-84-16724-75-8, pp. 291-296.&#8221; &#8220;En: Defensive Architecture of the Mediterranean. XV to XVIII centuries \/ Vol V \/ Echarri Iribarren (Ed.) \u00a9 2017 Editorial Publicacions Universitat d\u2019Alacant. Pp. 291-297&#8221;. 978-84-16724-75-8 (Vol. V). <a href=\"https:\/\/rua.ua.es\/dspace\/bitstream\/10045\/70449\/1\/Defensive-Architecture-of-the-Mediterranean_V_43.pdf\">https:\/\/rua.ua.es\/dspace\/bitstream\/10045\/70449\/1\/Defensive-Architecture-of-the-Mediterranean_V_43.pdf<\/a><\/p>\n<p><strong>MERINO G\u00d3MEZ, Elena; MORAL ANDR\u00c9S, Fernando <\/strong>(2017). Pervivencia de la representaci\u00f3n tridimensional en las cartograf\u00edas urbanas [Survival of three-dimensional representations in urban cartography]. En:EGA Expresi\u00f3n Gr\u00e1fica Arquitect\u00f3nica.\u00a0 22, N\u00fam. 30 (2017).\u00a0 e-ISSN: 2254-6103\u00a0\u00a0 ISSN: 1133-6137. <a href=\"https:\/\/polipapers.upv.es\/index.php\/EGA\/article\/view\/7830\/8062\">https:\/\/polipapers.upv.es\/index.php\/EGA\/article\/view\/7830\/8062<\/a><\/p>\n<p><strong>MORATO MORENO, Manuel <\/strong> (2016). La medici\u00f3n de un imperio: reconstrucci\u00f3n de los instrumentos utilizados en el proyecto de L\u00f3pez de Velasco para la determinaci\u00f3n de la longitud [Measuring an Empire: Reconstruction of the Instruments Used in L\u00f3pez de Velasco\u2019s Project to Determine Longitude]. En: Anuario de Estudios Americanos, 73, 2 Sevilla (Espa\u00f1a), julio-diciembre, 2016, 597-621 ISSN: 0210-5810. <a href=\"http:\/\/estudiosamericanos.revistas.csic.es\/index.php\/estudiosamericanos\/article\/viewFile\/692\/692\">http:\/\/estudiosamericanos.revistas.csic.es\/index.php\/estudiosamericanos\/article\/viewFile\/692\/692<\/a><\/p>\n<p><strong>\u00a0<\/strong><strong>MORATO-MORENO, Manuel <\/strong>(2017) . Or\u00edgenes de la representaci\u00f3n topogr\u00e1fica del terreno en algunos mapas hispanoamericanos del siglo XVI [Origins of the twodimensional relief representation on some spanish american maps in the 16th century]. En: Bolet\u00edn de la Asociaci\u00f3n de Ge\u00f3grafos Espa\u00f1oles. N. 73. 2017. Pags. 175-199, I.S.S.N.: 0212-9426. <a href=\"http:\/\/www.age-geografia.es\/ojs\/index.php\/bage\/article\/viewFile\/2414\/2262\">http:\/\/www.age-geografia.es\/ojs\/index.php\/bage\/article\/viewFile\/2414\/2262<\/a><\/p>\n<p><strong>MOREIRA, Luis Miguel Alves de Bessa <\/strong>(2017). Divulgar a Restaura\u00e7\u00e3o do Reino: o Mapa de Portugal de Nicolas Sanson d\u2019Abbeville, 1654 [Divulge the Restoration of the Kingdom: the Map of Portugal of Nicolas Sanson d\u2019Abbeville, 1654]. En: Revista Bibliogr\u00e1fica de Geograf\u00eda y Ciencias Sociales. [En l\u00ednea]. Barcelona: Universidad de Barcelona, 15 de marzo de 2017, vol. XXII, n\u00ba 1.193.\u00a0 [ISSN 1138-9796]. <a href=\"http:\/\/www.ub.edu\/geocrit\/b3w-1193.pdf\">http:\/\/www.ub.edu\/geocrit\/b3w-1193.pdf<\/a><\/p>\n<p><strong>MOYA OLMEDO, Pilar <\/strong>(2017). Dibujos de la primera arquitectura de Nueva Espa\u00f1a: Mapas, Planos y proyectos de arquitectura del siglo XVI [The first New Spain architecture drawings: some maps, plans and projects of architecture of the 16th Century]. En: EGA. Revista de expresi\u00f3n gr\u00e1fica arquitect\u00f3nica. Vol. 22, N\u00fam. 29 (2017). Pags. 118-127. <a href=\"https:\/\/ojs.upv.es\/index.php\/EGA\/article\/view\/1281\/7445\">https:\/\/ojs.upv.es\/index.php\/EGA\/article\/view\/1281\/7445<\/a><\/p>\n<p><strong>MU\u00d1OZ CORBAL\u00c1N, Juan Miguel <\/strong>(2015). El dibujante ingeniero hacia la universalidad de la dualidad arte\/t\u00e9cnica en la cartograf\u00eda militar del siglo XVIII [The enginieer draftsman to the universality of the dualism between art and technique in the military cartography of the 18th century]. En: QUINTANA: revista do Departamento de Historia da Arte N\u00ba14 2015. ISSN 1579-7414. pp. 59-79<\/p>\n<p><strong>OLIVEIRA, Francisco Roque de. A <\/strong>(2017). \u00abIlha Brasil\u00bb de Jaime Cortes\u00e3o: ideias geogr\u00e1ficas e express\u00e3o cartogr\u00e1fica de um conceito geopol\u00edtico&#8221; [\u201cBrazil\u2019s Island\u201d by Jaime Cortes\u00e3o: geographical ideas and cartographic expression of a geopolitical concept]. Biblio 3W. Revista Bibliogr\u00e1fica de Geograf\u00eda y Ciencias Sociales. [En l\u00ednea]. Barcelona: Universidad de Barcelona, 25 febrero 2017, Vol. XXII, n\u00ba 1.191. [ISSN 1138-9796]&#8221;. <a href=\"http:\/\/www.ub.edu\/geocrit\/b3w-1191.pdf\">http:\/\/www.ub.edu\/geocrit\/b3w-1191.pdf<\/a><\/p>\n<p><strong>POBLETE PIEDRABUENA, Miguel Angel; BEATO BERGUA, Salvador <\/strong>(2016). El descubrimiento cient\u00edfico de la Regi\u00f3n Volc\u00e1nica Central de Espa\u00f1a (1775-1932) [ Scientific discovery of the Central Volcanic Region of Spain (1775-1932)]. En: Er\u00eda: Revista cuatrimestral de geograf\u00eda, A\u00f1o 2016, N\u00famero 99-100. Pag 353-366. Pag 41-69. <a href=\"https:\/\/dialnet.unirioja.es\/ejemplar\/444918\">https:\/\/dialnet.unirioja.es\/ejemplar\/444918<\/a><\/p>\n<p><strong>RATO MART\u00cdN, H\u00e9ctor; FERN\u00c1NDEZ CUESTA, Gaspar <\/strong>(2016). El Plano de poblaci\u00f3n y ensanche de la villa de Navia de 1934 [The Street and urban extension map of the town of Navia in 1934]. En: Er\u00eda: Revista cuatrimestral de geograf\u00eda, A\u00f1o 2016, N\u00famero 99-100. Pag 353-366. Pag 339-350. <a href=\"https:\/\/dialnet.unirioja.es\/ejemplar\/444918\">https:\/\/dialnet.unirioja.es\/ejemplar\/444918<\/a><\/p>\n<p><strong>RECIO MIR, Alvaro <\/strong>(2016). El acueducto de Guadalajara y la obra de fray Pedro Antonio de Buzeta en Espa\u00f1a y Nueva Espa\u00f1a [The acueduct of Guadalajara and the work of Fray Antonio de Buzeta in Spain and New Spain]. En: Revista de Indias, 2016, vol. LXXVI, n.\u00ba 268 P\u00e1gs. 717-749, ISSN: 0034-8341. <a href=\"http:\/\/revistadeindias.revistas.csic.es\/index.php\/revistadeindias\/issue\/view\/107\">http:\/\/revistadeindias.revistas.csic.es\/index.php\/revistadeindias\/issue\/view\/107<\/a><\/p>\n<p><strong>RODR\u00cdGUEZ P\u00c9REZ, Carmen; CASTA\u00d1\u00d3N \u00c1LVAREZ, Juan Carlos <\/strong>(2016). Modos de representaci\u00f3n cartogr\u00e1fica de las unidades de paisaje: revisi\u00f3n y propuestas [Ways of mapping landscape units: a review and proposals]. En:\u00a0 Er\u00eda: Revista cuatrimestral de geograf\u00eda, A\u00f1o 2016, N\u00famero 99-100. Pag 353-366. Pag 15-40. <a href=\"https:\/\/dialnet.unirioja.es\/ejemplar\/444918\">https:\/\/dialnet.unirioja.es\/ejemplar\/444918<\/a><\/p>\n<p><strong>SANCHO MIR, Miguel; HERN\u00c1NDEZ, Luis Agust\u00edn ; LLOPIS VERD\u00da, Jorge <\/strong>(2017). An\u00e1lisis y generaci\u00f3n de cartograf\u00edas\u00a0 historiogr\u00e1ficas en el estudio de la evoluci\u00f3n de la forma urbana: el caso de la ciudad de Teruel [Historiographical mapping and analysis in the study of the evolution of urban form: the case of the city of Teruel\u00a0\u00a0 ]. En: EGA Expresi\u00f3n Gr\u00e1fica Arquitect\u00f3nica.\u00a0 22, N\u00fam. 30 (2017). e-ISSN: 2254-6103\u00a0\u00a0 ISSN: 1133-6137. <a href=\"https:\/\/polipapers.upv.es\/index.php\/EGA\/article\/view\/7845\/8061\">https:\/\/polipapers.upv.es\/index.php\/EGA\/article\/view\/7845\/8061<\/a><\/p>\n<p><strong>TRUJILLO CARMONA, Manuel. <\/strong>Plataforma A Desalambrar; Plataforma Ib\u00e9rica por los Caminos P\u00fablicos: Fuentes cartogr\u00e1ficas para la identificaci\u00f3n de caminos y otros espacios p\u00fablicos [Platform \u201cA Desalambrar\u201d\u00a0\u00a0\u00a0\u00a0\u00a0\u00a0 : Iberian platform for the identification of the roads and others public \u00e1reas]. <a href=\"http:\/\/adesalambrar.com\/documentos\/Fuentes%2BCartograficas.pdf\">http:\/\/adesalambrar.com\/documentos\/Fuentes%2BCartograficas.pdf<\/a><\/p>\n<p><strong>URTEAGA, Luis; CAMARERO BULL\u00d3N, Concepci\u00f3n <\/strong>(2017) . De la Corte al Estado: la cartograf\u00eda de los sitios reales levantada por la Junta General de Estad\u00edstica (1861-1869) [From the Court to the State: the Sitios Reales \u2018s cartography made of th Junta General de Estad\u00edstica (1861-1969)]. En: La extensi\u00f3n de la corte: Los sitios reales \/ Concepci\u00f3n Camarero Bull\u00f3n (dir.) \u00c1rbol acad\u00e9mico, F\u00e9lix Labrador Arroyo (dir.) \u00c1rbol acad\u00e9mico, 2017, ISBN 9788483445549, p\u00e1gs. 685-745<\/p>\n<p><strong>VARELA MARCOS, Jes\u00fas; VASALLO TORANZO, Luis <\/strong>(2016). La cartograf\u00eda americana en el testamento de Fonseca [The american cartography in the Fonseca\u2019s testament]. En: Revista de estudios colombinos, ISSN 1699-3926, N\u00ba. 12, 2016, p\u00e1gs. 19-36. <a href=\"https:\/\/dialnet.unirioja.es\/servlet\/articulo?codigo=5759157\">https:\/\/dialnet.unirioja.es\/servlet\/articulo?codigo=5759157<\/a><\/p>\n<p><strong>VIDAL DOM\u00cdNGUEZ, Mar\u00eda Jes\u00fas <\/strong>(2017). La cartograf\u00eda de la Junta General de Estad\u00edstica de Boadilla del Monte [The Junta General de Estad\u00edstica\u2019s cartography of Boadilla del Monte]. En: La extensi\u00f3n de la corte: Los sitios reales \/ Concepci\u00f3n Camarero Bull\u00f3n (dir.)\u00a0 F\u00e9lix Labrador Arroyo (dir.) , 2017, ISBN 9788483445549, p\u00e1gs. 653-684<\/p>\n<p><strong>VILLANOVA VALERO, Jos\u00e9 Luis y BETR\u00c1N ABAD\u00cdA, Ram\u00f3n<\/strong> (2017): Los planos de Zaragoza de Dionisio Casa\u00f1al (1880-1911): su uso en la planificaci\u00f3n y la gesti\u00f3n municipal [The Zaragoza\u2019s plans of Dionisio Casa\u00f1al (1880-1911): their use in the planification and the municipal management]. <em>Ciudad y Territorio. Estudios territoriales<\/em>, vol XLIX, n\u00ba 191, p. 99-112 [<a href=\"http:\/\/www.ub.edu\/gehc\/pdf\/Los%20_planos_de_Zaragoza_de_Dionisio_Casa\u00f1al.pdf\">PDF<\/a>]<\/p>\n<h3><strong>CAP\u00cdTULOS DE LIBROS<\/strong><\/h3>\n<p><strong>MANFR\u00c8,<\/strong> \u201cScenari di guerra: rappresentazioni cartografiche in Sardegna e Sicilia durante il XVIII secolo\u201d [Sc\u00e9nari di war: rappresentazioni cartografiche in Sardegna and Sicily during the XVIII secolo], en Giorgio Verdiani (ed.), <em>Defensive Architecture of the Mediterranean XV to XVIII centuries<\/em>, vol. III, Firenze, DiDaPress, 2016, pp. 127-134<\/p>\n<p><strong>MANFR\u00c8,<\/strong> \u201cMapas y ciudades pintadas: artistas itinerantes en la Edad Moderna\u201d[Maps and painted cities: mobile entertainers in the modern age], en Miguel \u00c1ngel Zalama, Mar\u00eda Jos\u00e9 Mart\u00ednez Ruiz, Jes\u00fas F\u00e9lix Pascual Molina (Coords.), <em>El Legado de las obras de arte. Tapices, pinturas, esculturas&#8230;Sus viajes a trav\u00e9s de la Historia<\/em>, Valladolid, Universidad de Valladolid, 2017, pp. 81-92.<\/p>\n<p><strong>MANFR\u00c8,<\/strong> \u201cIngenieros itinerantes: el caso de la familia Sesti\u201d[Itinerant engineers: the case of the family Sesti], en V\u00edctor Echarri Iribarren (ed.), <em>Defensive Architecture of the Mediterranean. <\/em><em>XV to XVIII Centuries<\/em>, vol. V, Alicante, Universitat d\u2019Alacant, 2017, pp. 191-197.<\/p>\n<p><strong>MANFR\u00c8,<\/strong> \u201cThe perception of the spaces in the Mediterranean chorographic literature of the Seventeenth century\u201d, en Emmanuelle Peraldo (ed.), <em>Literature and Geography: the writing of space throughout History<\/em>, Newcastle upon Tyne, Cambridge Scholars Publishing, 2016, pp. 168-188.<\/p>\n<h3><\/h3>\n<\/div><\/section>\n","protected":false},"excerpt":{"rendered":"","protected":false},"author":643,"featured_media":0,"parent":77,"menu_order":12,"comment_status":"closed","ping_status":"closed","template":"","meta":{"footnotes":""},"class_list":["post-1035","page","type-page","status-publish","hentry"],"_links":{"self":[{"href":"https:\/\/old.sge.org\/ibercarto\/wp-json\/wp\/v2\/pages\/1035","targetHints":{"allow":["GET"]}}],"collection":[{"href":"https:\/\/old.sge.org\/ibercarto\/wp-json\/wp\/v2\/pages"}],"about":[{"href":"https:\/\/old.sge.org\/ibercarto\/wp-json\/wp\/v2\/types\/page"}],"author":[{"embeddable":true,"href":"https:\/\/old.sge.org\/ibercarto\/wp-json\/wp\/v2\/users\/643"}],"replies":[{"embeddable":true,"href":"https:\/\/old.sge.org\/ibercarto\/wp-json\/wp\/v2\/comments?post=1035"}],"version-history":[{"count":7,"href":"https:\/\/old.sge.org\/ibercarto\/wp-json\/wp\/v2\/pages\/1035\/revisions"}],"predecessor-version":[{"id":1047,"href":"https:\/\/old.sge.org\/ibercarto\/wp-json\/wp\/v2\/pages\/1035\/revisions\/1047"}],"up":[{"embeddable":true,"href":"https:\/\/old.sge.org\/ibercarto\/wp-json\/wp\/v2\/pages\/77"}],"wp:attachment":[{"href":"https:\/\/old.sge.org\/ibercarto\/wp-json\/wp\/v2\/media?parent=1035"}],"curies":[{"name":"wp","href":"https:\/\/api.w.org\/{rel}","templated":true}]}}