{"id":103,"date":"2016-01-28T16:56:13","date_gmt":"2016-01-28T15:56:13","guid":{"rendered":"http:\/\/sge.org\/ibercarto\/?page_id=103"},"modified":"2018-08-07T10:10:44","modified_gmt":"2018-08-07T08:10:44","slug":"como-formar-parte-de-ibercarto","status":"publish","type":"page","link":"https:\/\/old.sge.org\/ibercarto\/como-formar-parte-de-ibercarto\/","title":{"rendered":"\u00bfC\u00f3mo formar parte de Ibercarto?"},"content":{"rendered":"<div id='av_section_1'  class='avia-section av-av_section-d18d8c2c81d10022ebd21ffa95322c35 main_color avia-section-default avia-no-shadow  avia-builder-el-0  avia-builder-el-no-sibling  avia-bg-style-scroll container_wrap sidebar_right'  ><div class='container av-section-cont-open' ><main  role=\"main\" itemprop=\"mainContentOfPage\"  class='template-page content  av-content-small alpha units'><div class='post-entry post-entry-type-page post-entry-103'><div class='entry-content-wrapper clearfix'>\n\n<style type=\"text\/css\" data-created_by=\"avia_inline_auto\" id=\"style-css-av-av_one_third-d8485436ed377036da4b843407d60511\">\n.flex_column.av-av_one_third-d8485436ed377036da4b843407d60511{\n-webkit-border-radius:0px 0px 0px 0px;\n-moz-border-radius:0px 0px 0px 0px;\nborder-radius:0px 0px 0px 0px;\npadding:0px 0px 0px 0px;\n}\n<\/style>\n<div class='flex_column av-av_one_third-d8485436ed377036da4b843407d60511 av_one_third  avia-builder-el-1  el_before_av_two_third  avia-builder-el-first  first flex_column_div av-zero-column-padding '     ><style type=\"text\/css\" data-created_by=\"avia_inline_auto\" id=\"style-css-av-av_image-be4a06c92bec358b5876ded455d9ca61\">\n.avia-image-container.av-av_image-be4a06c92bec358b5876ded455d9ca61 img.avia_image{\nbox-shadow:none;\n}\n.avia-image-container.av-av_image-be4a06c92bec358b5876ded455d9ca61 .av-image-caption-overlay-center{\ncolor:#ffffff;\n}\n<\/style>\n<div  class='avia-image-container av-av_image-be4a06c92bec358b5876ded455d9ca61 av-styling- avia-align-center  avia-builder-el-2  avia-builder-el-no-sibling '   itemprop=\"image\" itemscope=\"itemscope\" itemtype=\"https:\/\/schema.org\/ImageObject\" ><div class=\"avia-image-container-inner\"><div class=\"avia-image-overlay-wrap\"><img class='wp-image-759 avia-img-lazy-loading-not-759 avia_image ' src='https:\/\/old.sge.org\/ibercarto\/wp-content\/uploads\/sites\/4\/2016\/01\/13-E-7_01_a-1.jpg' alt='' title='13-E-7_01_a'  height=\"236\" width=\"291\"  itemprop=\"thumbnailUrl\"  \/><\/div><\/div><\/div><\/div>\n<style type=\"text\/css\" data-created_by=\"avia_inline_auto\" id=\"style-css-av-av_two_third-9c1d454dc06f7247226bc4e8f931daae\">\n.flex_column.av-av_two_third-9c1d454dc06f7247226bc4e8f931daae{\n-webkit-border-radius:0px 0px 0px 0px;\n-moz-border-radius:0px 0px 0px 0px;\nborder-radius:0px 0px 0px 0px;\npadding:0px 0px 0px 0px;\n}\n<\/style>\n<div class='flex_column av-av_two_third-9c1d454dc06f7247226bc4e8f931daae av_two_third  avia-builder-el-3  el_after_av_one_third  avia-builder-el-last  flex_column_div av-zero-column-padding '     ><section  class='av_textblock_section av-av_textblock-0366cc7376be6c9e82a3e9cc8987b64f'  itemscope=\"itemscope\" itemtype=\"https:\/\/schema.org\/CreativeWork\" ><div class='avia_textblock'  itemprop=\"text\" ><p>Si quiere formar parte de\u00a0<strong>IBERCARTO<\/strong>, hay dos tipos de pertenencia. En todo caso, rellene y env\u00edenos\u00a0a la direcci\u00f3n de correo electr\u00f3nico\u00a0<a href=\"mailto:ibercarto@fomento.es\">ibercarto@fomento.es<\/a>\u00a0\u00a0el siguiente formulario con sus datos y nos pondremos en contacto con usted en breve:<\/p>\n<p><a href=\"https:\/\/old.sge.org\/ibercarto\/wp-content\/uploads\/sites\/4\/2016\/11\/formulario_inscripcion_ibercarto.doc\" target=\"_blank\" rel=\"noopener\">Formulario de inscripci\u00f3n en Ibercarto<\/a><\/p>\n<ul>\n<li><strong>1)\u00a0\u00a0Integrantes de instituciones que posean cartoteca o colecciones de mapas<\/strong><br \/>\nPueden formar parte como miembros de pleno derecho de IBERCARTO todos los profesionales que presten sus servicios en las cartotecas o secciones de cartograf\u00eda de instituciones de titularidad p\u00fablica de Espa\u00f1a y Portugal que lo deseen. La pertenencia es gratuita y no genera derechos ni obligaciones econ\u00f3micas para las personas ni para las instituciones. Podr\u00e1n participar con voz y voto en las asambleas y ser organizadores de los congresos.<\/li>\n<\/ul>\n<ul>\n<li><strong>2)\u00a0\u00a0Otros profesionales interesados en la cartograf\u00eda<\/strong><br \/>\nPueden pertenecer a IBERCARTO en la condici\u00f3n de simpatizantes las personas vinculadas profesionalmente o por estudios a los \u00e1mbitos de las bibliotecas y archivos y\/o a la producci\u00f3n e investigaci\u00f3n de la cartograf\u00eda. En este caso, podr\u00e1n recibir informaci\u00f3n sobre las actividades de IBERCARTO y contribuir a difundirlas, pero no tendr\u00e1n voz ni voto en las asambleas, ni podr\u00e1n ser elegidos como miembros de la Junta Directiva ni como organizadores de los congresos.La pertenencia es gratuita y no genera derechos ni obligaciones econ\u00f3micas.<\/li>\n<\/ul>\n<\/div><\/section><\/div><\/div><\/div><\/main><!-- close content main element --><\/div><\/div><div id='after_section_1'  class='main_color av_default_container_wrap container_wrap sidebar_right'  ><div class='container av-section-cont-open' ><div class='template-page content  av-content-small alpha units'><div class='post-entry post-entry-type-page post-entry-103'><div class='entry-content-wrapper clearfix'>\n","protected":false},"excerpt":{"rendered":"","protected":false},"author":1,"featured_media":0,"parent":0,"menu_order":8,"comment_status":"closed","ping_status":"closed","template":"","meta":{"footnotes":""},"class_list":["post-103","page","type-page","status-publish","hentry"],"_links":{"self":[{"href":"https:\/\/old.sge.org\/ibercarto\/wp-json\/wp\/v2\/pages\/103","targetHints":{"allow":["GET"]}}],"collection":[{"href":"https:\/\/old.sge.org\/ibercarto\/wp-json\/wp\/v2\/pages"}],"about":[{"href":"https:\/\/old.sge.org\/ibercarto\/wp-json\/wp\/v2\/types\/page"}],"author":[{"embeddable":true,"href":"https:\/\/old.sge.org\/ibercarto\/wp-json\/wp\/v2\/users\/1"}],"replies":[{"embeddable":true,"href":"https:\/\/old.sge.org\/ibercarto\/wp-json\/wp\/v2\/comments?post=103"}],"version-history":[{"count":10,"href":"https:\/\/old.sge.org\/ibercarto\/wp-json\/wp\/v2\/pages\/103\/revisions"}],"predecessor-version":[{"id":761,"href":"https:\/\/old.sge.org\/ibercarto\/wp-json\/wp\/v2\/pages\/103\/revisions\/761"}],"wp:attachment":[{"href":"https:\/\/old.sge.org\/ibercarto\/wp-json\/wp\/v2\/media?parent=103"}],"curies":[{"name":"wp","href":"https:\/\/api.w.org\/{rel}","templated":true}]}}